 digit of 491657941?
7
What is the ten thousands digit of 117193050?
9
What is the hundred millions digit of 3940000726?
9
What is the hundreds digit of 101359196?
1
What is the hundred millions digit of 104530045?
1
What is the ten millions digit of 1484958358?
8
What is the billions digit of 3185705236?
3
What is the units digit of 6881741625?
5
What is the tens digit of 748472579?
7
What is the hundred millions digit of 388701242?
3
What is the tens digit of 4226777433?
3
What is the hundreds digit of 581226190?
1
What is the billions digit of 1560894122?
1
What is the units digit of 825051021?
1
What is the millions digit of 78371689?
8
What is the ten thousands digit of 343916150?
1
What is the ten thousands digit of 417220035?
2
What is the tens digit of 122599846?
4
What is the hundreds digit of 58600388?
3
What is the hundred thousands digit of 985756421?
7
What is the millions digit of 6524297827?
4
What is the ten millions digit of 74723426?
7
What is the hundred thousands digit of 69916078?
9
What is the hundreds digit of 590735345?
3
What is the thousands digit of 45764189?
4
What is the tens digit of 2869294895?
9
What is the units digit of 2548515838?
8
What is the millions digit of 2332375960?
2
What is the ten thousands digit of 85732698?
3
What is the millions digit of 85922581?
5
What is the thousands digit of 124777303?
7
What is the hundred millions digit of 563306999?
5
What is the units digit of 36269458?
8
What is the hundred thousands digit of 525397362?
3
What is the ten millions digit of 651979785?
5
What is the hundreds digit of 556484330?
3
What is the units digit of 2052941038?
8
What is the millions digit of 102678296?
2
What is the hundred thousands digit of 31454567?
4
What is the hundred thousands digit of 4911065178?
0
What is the units digit of 2210342980?
0
What is the thousands digit of 1056749128?
9
What is the millions digit of 36700727?
6
What is the hundred thousands digit of 455223656?
2
What is the hundreds digit of 570278837?
8
What is the ten millions digit of 73848608?
7
What is the ten millions digit of 157353398?
5
What is the millions digit of 768803981?
8
What is the hundreds digit of 120836033?
0
What is the ten thousands digit of 188734560?
3
What is the hundreds digit of 557933999?
9
What is the ten thousands digit of 24342668?
4
What is the tens digit of 2700482062?
6
What is the thousands digit of 889025534?
5
What is the ten thousands digit of 3105314414?
1
What is the units digit of 27950363?
3
What is the ten millions digit of 250337386?
5
What is the tens digit of 541329798?
9
What is the ten millions digit of 109536714?
0
What is the ten thousands digit of 43779522?
7
What is the hundred millions digit of 238968278?
2
What is the millions digit of 98672729?
8
What is the hundreds digit of 358043734?
7
What is the thousands digit of 93428003?
8
What is the thousands digit of 27245649?
5
What is the ten millions digit of 222322348?
2
What is the millions digit of 176203094?
6
What is the hundred millions digit of 1984814373?
9
What is the ten thousands digit of 83241?
8
What is the ten thousands digit of 2764366711?
6
What is the thousands digit of 37426722?
6
What is the ten thousands digit of 5596113136?
1
What is the thousands digit of 310586939?
6
What is the thousands digit of 43239145?
9
What is the thousands digit of 17868379?
8
What is the tens digit of 74972626?
2
What is the thousands digit of 426300664?
0
What is the thousands digit of 3629693218?
3
What is the hundreds digit of 399361811?
8
What is the millions digit of 749579089?
9
What is the thousands digit of 21549806?
9
What is the tens digit of 84110231?
3
What is the ten thousands digit of 2741603?
4
What is the hundred millions digit of 1034870420?
0
What is the hundred millions digit of 435556507?
4
What is the hundreds digit of 3615373562?
5
What is the millions digit of 888896718?
8
What is the hundred thousands digit of 15756523?
7
What is the units digit of 8209120?
0
What is the ten millions digit of 628374224?
2
What is the units digit of 90610994?
4
What is the units digit of 40450561?
1
What is the ten millions digit of 54392223?
5
What is the hundred millions digit of 982790334?
9
What is the ten millions digit of 954394789?
5
What is the tens digit of 363129209?
0
What is the hundred millions digit of 1029742383?
0
What is the hundred millions digit of 105164532?
1
What is the billions digit of 4640895721?
4
What is the billions digit of 1931393104?
1
What is the hundred millions digit of 362114377?
3
What is the units digit of 91841134?
4
What is the hundreds digit of 1038873596?
5
What is the billions digit of 1166755839?
1
What is the ten thousands digit of 67123543?
2
What is the thousands digit of 1773232409?
2
What is the units digit of 403917644?
4
What is the units digit of 15422772?
2
What is the hundred millions digit of 828363927?
8
What is the hundred thousands digit of 526843049?
8
What is the hundred millions digit of 159734955?
1
What is the thousands digit of 2293622800?
2
What is the units digit of 155573741?
1
What is the millions digit of 141384119?
1
What is the units digit of 55674031?
1
What is the thousands digit of 206751078?
1
What is the hundred millions digit of 6531809404?
5
What is the thousands digit of 149120340?
0
What is the hundred thousands digit of 54426455?
4
What is the tens digit of 1996571216?
1
What is the hundred thousands digit of 91269945?
2
What is the hundreds digit of 217947?
9
What is the units digit of 264011459?
9
What is the units digit of 3279404?
4
What is the ten millions digit of 866117574?
6
What is the units digit of 460705022?
2
What is the units digit of 17575549?
9
What is the hundreds digit of 193001667?
6
What is the units digit of 152245619?
9
What is the ten thousands digit of 3490932399?
3
What is the units digit of 1818528?
8
What is the thousands digit of 1172615395?
5
What is the units digit of 6003640350?
0
What is the tens digit of 758339598?
9
What is the hundreds digit of 51684599?
5
What is the units digit of 42510196?
6
What is the millions digit of 152814890?
2
What is the millions digit of 137839090?
7
What is the tens digit of 5290903839?
3
What is the units digit of 36369729?
9
What is the units digit of 7710411?
1
What is the ten thousands digit of 431529592?
2
What is the thousands digit of 682498445?
8
What is the ten thousands digit of 76550872?
5
What is the ten millions digit of 272600870?
7
What is the units digit of 2828650?
0
What is the hundreds digit of 275634361?
3
What is the units digit of 473396773?
3
What is the ten millions digit of 45724420?
4
What is the hundred thousands digit of 751798311?
7
What is the tens digit of 1384841032?
3
What is the thousands digit of 210855129?
5
What is the thousands digit of 887001506?
1
What is the hundred thousands digit of 124596184?
5
What is the units digit of 59214390?
0
What is the units digit of 75233067?
7
What is the units digit of 193439937?
7
What is the millions digit of 9273154?
9
What is the hundred thousands digit of 247528158?
5
What is the tens digit of 331890435?
3
What is the ten millions digit of 3671447075?
7
What is the ten thousands digit of 61320960?
2
What is the ten thousands digit of 341025812?
2
What is the hundred millions digit of 255582919?
2
What is the units digit of 144725828?
8
What is the hundred millions digit of 675293910?
6
What is the ten thousands digit of 903970249?
7
What is the ten thousands digit of 114466633?
6
What is the millions digit of 86113841?
6
What is the thousands digit of 8311217?
1
What is the units digit of 5224728899?
9
What is the ten millions digit of 571764377?
7
What is the hundreds digit of 46191527?
5
What is the tens digit of 251621710?
1
What is the millions digit of 2213645152?
3
What is the hundred thousands digit of 2868806002?
8
What is the tens digit of 55140152?
5
What is the thousands digit of 10482627?
2
What is the ten thousands digit of 70489970?
8
What is the hundred thousands digit of 6562250478?
2
What is the ten thousands digit of 9689018?
8
What is the hundreds digit of 141790527?
5
What is the hundred millions digit of 103970614?
1
What is the millions digit of 107849402?
7
What is the hundr